factors of 4186.
2, 7, 13, 23
List the prime factors of 12960.
2, 3, 5
What are the prime factors of 6028?
2, 11, 137
What are the prime factors of 7417?
7417
List the prime factors of 17948.
2, 7, 641
What are the prime factors of 1792?
2, 7
List the prime factors of 752.
2, 47
List the prime factors of 441.
3, 7
List the prime factors of 3532.
2, 883
What are the prime factors of 5782?
2, 7, 59
List the prime factors of 392.
2, 7
What are the prime factors of 160501?
11, 14591
What are the prime factors of 13953?
3, 4651
List the prime factors of 19010.
2, 5, 1901
List the prime factors of 11357.
41, 277
List the prime factors of 6222.
2, 3, 17, 61
What are the prime factors of 1955?
5, 17, 23
List the prime factors of 10867.
10867
What are the prime factors of 6978?
2, 3, 1163
List the prime factors of 10630.
2, 5, 1063
List the prime factors of 17351.
17351
What are the prime factors of 1004?
2, 251
What are the prime factors of 98469?
3, 7, 521
What are the prime factors of 9904?
2, 619
What are the prime factors of 14920?
2, 5, 373
What are the prime factors of 498?
2, 3, 83
List the prime factors of 368.
2, 23
What are the prime factors of 6858?
2, 3, 127
What are the prime factors of 15897?
3, 7, 757
List the prime factors of 43607.
43607
List the prime factors of 2289.
3, 7, 109
List the prime factors of 730.
2, 5, 73
List the prime factors of 17588.
2, 4397
What are the prime factors of 10602?
2, 3, 19, 31
List the prime factors of 29.
29
What are the prime factors of 56944?
2, 3559
What are the prime factors of 267?
3, 89
List the prime factors of 22967.
7, 17, 193
List the prime factors of 165.
3, 5, 11
What are the prime factors of 81709?
101, 809
List the prime factors of 1265.
5, 11, 23
List the prime factors of 16769.
41, 409
What are the prime factors of 2948?
2, 11, 67
List the prime factors of 4600.
2, 5, 23
What are the prime factors of 3658?
2, 31, 59
List the prime factors of 776.
2, 97
List the prime factors of 61210.
2, 5, 6121
What are the prime factors of 9196?
2, 11, 19
List the prime factors of 14580.
2, 3, 5
What are the prime factors of 47375?
5, 379
What are the prime factors of 193599?
3, 7, 439
List the prime factors of 156464.
2, 7, 11, 127
What are the prime factors of 3713?
47, 79
What are the prime factors of 296?
2, 37
List the prime factors of 33054.
2, 3, 7, 787
List the prime factors of 2411.
2411
List the prime factors of 8397.
3, 311
What are the prime factors of 1971?
3, 73
List the prime factors of 1079.
13, 83
What are the prime factors of 1986?
2, 3, 331
List the prime factors of 14871.
3, 4957
List the prime factors of 58056.
2, 3, 41, 59
What are the prime factors of 2659?
2659
What are the prime factors of 1729?
7, 13, 19
List the prime factors of 2662.
2, 11
List the prime factors of 84.
2, 3, 7
What are the prime factors of 1720?
2, 5, 43
List the prime factors of 33777.
3, 139
What are the prime factors of 1388?
2, 347
List the prime factors of 11517.
3, 11, 349
What are the prime factors of 1059?
3, 353
What are the prime factors of 4294?
2, 19, 113
List the prime factors of 16140.
2, 3, 5, 269
List the prime factors of 906.
2, 3, 151
List the prime factors of 2655.
3, 5, 59
What are the prime factors of 86148?
2, 3, 2393
List the prime factors of 1587.
3, 23
What are the prime factors of 14328?
2, 3, 199
What are the prime factors of 2423?
2423
List the prime factors of 2160.
2, 3, 5
What are the prime factors of 90111?
3, 7, 613
List the prime factors of 32215.
5, 17, 379
List the prime factors of 20836.
2, 5209
What are the prime factors of 1517?
37, 41
What are the prime factors of 163871?
163871
List the prime factors of 2889.
3, 107
What are the prime factors of 22665?
3, 5, 1511
What are the prime factors of 53?
53
What are the prime factors of 18224?
2, 17, 67
What are the prime factors of 31736?
2, 3967
What are the prime factors of 50747?
31, 1637
What are the prime factors of 25201?
11, 29, 79
What are the prime factors of 21847?
7, 3121
List the prime factors of 10267.
10267
List the prime factors of 54971.
7, 7853
What are the prime factors of 21532?
2, 7, 769
List the prime factors of 68506.
2, 34253
List the prime factors of 345.
3, 5, 23
List the prime factors of 2049.
3, 683
List the prime factors of 5082.
2, 3, 7, 11
What are the prime factors of 553?
7, 79
What are the prime factors of 2051?
7, 293
List the prime factors of 898.
2, 449
What are the prime factors of 1644?
2, 3, 137
What are the prime factors of 4927?
13, 379
What are the prime factors of 10177?
10177
List the prime factors of 983.
983
What are the prime factors of 2039?
2039
List the prime factors of 5215.
5, 7, 149
List the prime factors of 81290.
2, 5, 11, 739
List the prime factors of 3575.
5, 11, 13
What are the prime factors of 16560?
2, 3, 5, 23
List the prime factors of 1010.
2, 5, 101
What are the prime factors of 22746?
2, 3, 17, 223
List the prime factors of 6866.
2, 3433
List the prime factors of 6752.
2, 211
What are the prime factors of 51171?
3, 37, 461
List the prime factors of 29324.
2, 7331
List the prime factors of 601.
601
What are the prime factors of 2090?
2, 5, 11, 19
What are the prime factors of 1204?
2, 7, 43
What are the prime factors of 61412?
2, 13, 1181
List the prime factors of 250.
2, 5
What are the prime factors of 7811?
73, 107
What are the prime factors of 75644?
2, 18911
List the prime factors of 13280.
2, 5, 83
What are the prime factors of 84485?
5, 61, 277
List the prime factors of 21595.
5, 7, 617
What are the prime factors of 62526?
2, 3, 17, 613
List the prime factors of 517.
11, 47
What are the prime factors of 1432?
2, 179
What are the prime factors of 25755?
3, 5, 17, 101
What are the prime factors of 12255?
3, 5, 19, 43
List the prime factors of 19220.
2, 5, 31
What are the prime factors of 6037?
6037
What are the prime factors of 165?
3, 5, 11
List the prime factors of 49546.
2, 7, 3539
List the prime factors of 932.
2, 233
List the prime factors of 1245.
3, 5, 83
What are the prime factors of 160180?
2, 5, 8009
List the prime factors of 1209.
3, 13, 31
List the prime factors of 1512.
2, 3, 7
What are the prime factors of 74308?
2, 13, 1429
List the prime factors of 20978.
2, 17, 617
What are the prime factors of 2902?
2, 1451
What are the prime factors of 400?
2, 5
List the prime factors of 7025.
5, 281
List the prime factors of 272.
2, 17
What are the prime factors of 454?
2, 227
What are the prime factors of 18443?
18443
What are the prime factors of 574?
2, 7, 41
What are the prime factors of 1166?
2, 11, 53
List the prime factors of 2230.
2, 5, 223
List the prime factors of 47961.
3, 73
List the prime factors of 11374.
2, 11, 47
List the prime factors of 255.
3, 5, 17
List the prime factors of 5125.
5, 41
What are the prime factors of 48946?
2, 24473
What are the prime factors of 972?
2, 3
What are the prime factors of 6094?
2, 11, 277
List the prime factors of 11952.
2, 3, 83
What are the prime factors of 2150?
2, 5, 43
List the prime factors of 24005.
5, 4801
List the prime factors of 10269.
3, 7, 163
List the prime factors of 2837.
2837
What are the prime factors of 1315?
5, 263
List the prime factors of 1764.
2, 3, 7
What are the prime factors of 96?
2, 3
List the prime factors of 6731.
53, 127
What are the prime factors of 844?
2, 211
What are the prime factors of 533?
13, 41
List the prime factors of 6630.
2, 3, 5, 13, 17
List the prime factors of 95126.
2, 47563
List the prime factors of 135919.
7, 19417
What are the prime factors of 1174?
2, 587
What are the prime factors of 66802?
2, 127, 263
List the prime factors of 2366.
2, 7, 13
List the prime factors of 1498.
2, 7, 107
List the prime factors of 970.
2, 5, 97
List the prime factors of 32563.
32563
What are the prime factors of 1303?
1303
What are the prime factors of 43?
43
What are the prime factors of 12172?
2, 17, 179
List the prime factors of 2366.
2, 7, 13
List the prime factors of 16906.
2, 79, 107
List the prime factors of 4644.
2, 3, 43
What are the prime factors of 2379?
3, 13, 61
List the prime factors of 335.
5, 67
What are the prime factors of 4217?
4217
List the prime factors of 117251.
117251
List the prime factors of 282.
2, 3, 47
What are the prime factors of 6396?
2, 3, 1